9552?
True
Is 15 a factor of 816?
False
Does 13 divide 2885?
False
Is 38 a factor of 881?
False
Is 1918 a multiple of 14?
True
Is 114 a multiple of 3?
True
Is 11 a factor of 19899?
True
Does 18 divide 23912?
False
Is 31 a factor of 1891?
True
Is 1080 a multiple of 9?
True
Is 2347 a multiple of 15?
False
Does 11 divide 517?
True
Is 74 a factor of 1251?
False
Is 22 a factor of 73018?
True
Does 25 divide 80793?
False
Is 63 a factor of 3655?
False
Does 52 divide 2184?
True
Is 985 a multiple of 197?
True
Is 294 a multiple of 14?
True
Is 2 a factor of 109?
False
Does 23 divide 108942?
False
Is 7878 a multiple of 39?
True
Is 198 a factor of 64548?
True
Does 340 divide 17033?
False
Is 18 a factor of 5796?
True
Is 8 a factor of 3208?
True
Is 66 even?
True
Is 62 a factor of 2480?
True
Is 4 a factor of 147?
False
Does 21 divide 576?
False
Is 16 a factor of 288?
True
Is 1762 a multiple of 17?
False
Does 116 divide 35535?
False
Does 14 divide 756?
True
Does 22 divide 766?
False
Is 37 a multiple of 4?
False
Does 38 divide 1578?
False
Is 106 a factor of 10552?
False
Is 3 a factor of 1938?
True
Does 34 divide 135898?
True
Is 26565 a multiple of 15?
True
Does 19 divide 1501?
True
Is 1416 a multiple of 4?
True
Does 18 divide 520?
False
Does 10 divide 38830?
True
Does 84 divide 34608?
True
Is 4246 a multiple of 104?
False
Does 47 divide 4935?
True
Is 47 a factor of 47?
True
Is 118 a factor of 8378?
True
Is 399 a factor of 121695?
True
Does 12 divide 4376?
False
Does 6 divide 7224?
True
Is 19990 a multiple of 10?
True
Is 12 a factor of 18480?
True
Does 21 divide 3790?
False
Is 64 a factor of 9336?
False
Is 295 a multiple of 11?
False
Is 2192 a multiple of 93?
False
Does 15 divide 512?
False
Is 1224 a multiple of 12?
True
Is 2538 a multiple of 8?
False
Does 22 divide 2178?
True
Is 17 a factor of 204?
True
Does 58 divide 8468?
True
Is 33 a factor of 1636?
False
Does 190 divide 28616?
False
Is 49 a factor of 1715?
True
Is 5627 a multiple of 17?
True
Does 5 divide 151?
False
Is 1248 a multiple of 26?
True
Is 8938 a multiple of 10?
False
Is 5580 a multiple of 36?
True
Is 3069 a multiple of 11?
True
Does 13 divide 7228?
True
Is 1305 a multiple of 9?
True
Does 11 divide 10074?
False
Does 17 divide 72?
False
Does 13 divide 77181?
True
Does 142 divide 18469?
False
Does 45 divide 225?
True
Is 437 a multiple of 19?
True
Is 897 a multiple of 76?
False
Is 82 a factor of 1312?
True
Is 7 a factor of 1897?
True
Is 2 a factor of 1429?
False
Is 33 a factor of 81873?
True
Is 16 a factor of 25833?
False
Is 58 a factor of 1143?
False
Is 31 a factor of 571?
False
Does 8 divide 851?
False
Does 21 divide 798?
True
Is 4743 a multiple of 4?
False
Does 6 divide 1370?
False
Is 2600 a multiple of 17?
False
Is 4158 a multiple of 7?
True
Is 169 a multiple of 13?
True
Is 165 a factor of 33825?
True
Is 549 a multiple of 57?
False
Is 6700 a multiple of 44?
False
Is 26 a factor of 23143?
False
Does 16 divide 4224?
True
Is 22 a factor of 2066?
False
Is 174 a multiple of 18?
False
Does 17 divide 1558?
False
Is 4 a factor of 92?
True
Is 81 a factor of 69938?
False
Does 23 divide 33327?
True
Does 60 divide 420?
True
Is 2 a factor of 510?
True
Is 120 a multiple of 7?
False
Is 159 a factor of 758?
False
Is 1323 a multiple of 27?
True
Is 400 a multiple of 10?
True
Is 1128 a multiple of 24?
True
Does 20 divide 4203?
False
Is 1190 a multiple of 17?
True
Is 4 a factor of 3544?
True
Is 29400 a multiple of 50?
True
Does 19 divide 227?
False
Does 82 divide 80196?
True
Does 17 divide 27336?
True
Does 74 divide 379?
False
Does 28 divide 28889?
False
Does 20 divide 159420?
True
Is 66 a factor of 538?
False
Is 969 a multiple of 51?
True
Is 2160 a multiple of 120?
True
Does 44 divide 10239?
False
Is 5 a factor of 430?
True
Is 31641 a multiple of 48?
False
Is 2 a factor of 172?
True
Is 13 a factor of 17515?
False
Does 3 divide 7065?
True
Does 90 divide 26320?
False
Is 4929 a multiple of 3?
True
Is 3943 a multiple of 113?
False
Is 27 a factor of 5619?
False
Is 284 even?
True
Is 25 a factor of 92?
False
Is 6 a factor of 31?
False
Is 3 a factor of 1975?
False
Is 7726 a multiple of 94?
False
Does 64 divide 64?
True
Is 160 a multiple of 16?
True
Is 4247 a multiple of 15?
False
Does 29 divide 1247?
True
Is 25 a factor of 1698?
False
Is 1798 a multiple of 29?
True
Does 79 divide 79?
True
Is 1936 a multiple of 8?
True
Is 2 a factor of 1902?
True
Does 12 divide 2592?
True
Is 8 a factor of 1582?
False
Is 316 a multiple of 158?
True
Is 4 a factor of 3402?
False
Is 10059 a multiple of 21?
True
Does 41 divide 64421?
False
Does 8 divide 940?
False
Is 8148 a multiple of 21?
True
Is 160 a multiple of 10?
True
Is 46310 a multiple of 62?
False
Is 8 a factor of 4341?
False
Does 8 divide 3519?
False
Is 33 a factor of 5952?
False
Does 88 divide 1654?
False
Is 17700 a multiple of 227?
False
Is 154 a factor of 10584?
False
Does 34 divide 4250?
True
Is 34 a factor of 1951?
False
Is 18 a factor of 128952?
True
Does 15 divide 3735?
True
Is 442 a factor of 120103?
False
Is 3 a factor of 639?
True
Does 119 divide 49782?
False
Is 1027 a multiple of 13?
True
Is 3885 a multiple of 11?
False
Is 88583 a multiple of 11?
True
Is 31 a factor of 1136?
False
Is 646 a multiple of 19?
True
Does 12 divide 21996?
True
Is 476 a multiple of 14?
True
Does 6 divide 120?
True
Does 15 divide 25?
False
Does 27 divide 4565?
False
Is 65758 a multiple of 49?
True
Does 23 divide 3929?
False
Is 1258 a multiple of 15?
False
Does 140 divide 76235?
False
Is 3360 a multiple of 21?
True
Does 12 divide 46152?
True
Is 11 a factor of 25148?
False
Is 45 a factor of 776?
False
Does 62 divide 372?
True
Is 13410 a multiple of 28?
False
Does 15 divide 315?
True
Is 1532 a multiple of 5?
False
Is 364 a multiple of 14?
True
Does 168 divide 18987?
False
Is 1651 a multiple of 127?
True
Does 9 divide 34277?
False
Does 15 divide 690?
True
Does 50 divide 50?
True
Is 42135 a multiple of 15?
True
Does 13 divide 8684?
True
Is 30 a factor of 66810?
True
Does 25 divide 132?
False
Does 129 divide 3354?
True
Is 372 a multiple of 13?
False
Is 780 a multiple of 65?
True
Does 13 divide 834?
False
Is 6 a factor of 352?
False
Is 32 a factor of 12276?
False
Is 15 a factor of 345?
True
Does 9 divide 1269?
True
Does 19 divide 209?
True
Is 5350 a multiple of 10?
True
Does 49 divide 19453?
True
Is 1309 a multiple of 29?
False
Does 12 divide 102521?
False
Is 115489 a multiple of 11?
True
Is 1465 a multiple of 3?
False
Is 726 a multiple of 5?
False
Is 8 a factor of 1198?
False
Is 27 a factor of 5994?
True
Does 124 divide 6345?
False
Is 924 a multiple of 3?
True
Does 6 divide 4274?
False
Is 77 a factor of 1078?
True
Does 58 divide 7091?
False
Is 949 a multiple of 3?
False
Does 45 divide 77490?
True
Does 11 divide 4145?
False
Is 1485 a multiple of 45?
True
Does 55 divide 4104?
False
Is 81664 a multiple of 106?
False
Is 25834 a multiple of 4?
False
Is 28 a factor of 9268?
True
Does 21 divide 609?
True
Is 12 a factor of 2050?
False
Does 29 divide 8816?
True
Is 3165 a multiple of 2?
False
Is 120 a multiple of 15?
True
Does 48 divide 190?
False
Does 6 divide 68435?
False
Is 2116 a multiple of 46?
True
Is 2 a factor of 58?
True
Is 4 a factor of 2508?
True
Is 9588 a multiple of 17?
True
Does 84 divide 5524?
False
Is 2331 a multiple of 9?
True
Does 43 divide 137?
False
Is 65148 a multiple of 366?
True
Is 18 a factor of 27?
False
Is 238 a multiple of 36?
False
Is 10512 a multiple of 16?
True
Does 19 divide 2004?
False
Is 37 a factor of 36926?
True
Is 467 a multiple of 7?
False
Does 30 divide 10127?
False
Is 746 a multiple of 2?
True
Is 1139 a multiple of 67?
True
Is 8 a factor of 282?
False
Is 4200 a multiple of 200?
True
Is 372 a multiple of 6?
True
Is 22 a factor of 7938?
False
Is 16 a factor of 6042?
False
Is 1237 a multiple of 9?
False
Does 10 divide 1416?
False
Is 3026 a multiple of 17?
True
Is 30 a factor of 11817?
False
Is 57 a factor of 2223?
True
Is 14780 a multiple of 20?
True
Is 10 a factor of 905?
False
Is 116772 a multiple of 90?
False
Is 5070 a multiple of 10?
True
Is 9 a factor of 864?
True
Is 50 a factor of 1584?
False
Does 38 divide 836?
True
Is 20 a factor of 35187?
False
Is 65 a factor of 2257?
False
Does 6 divide 4212?
True
Does 2 divide 14?
True
Is 4500 a multiple of 9?
True
Does 11 divide 38